. What is the tens digit of (-2 - (-5 - v)) + 23?
2
Let j(i) = 10*i - 2. Let f(u) = -3*u**3 - 2*u**2 + 1. Let o be f(-1). What is the tens digit of j(o)?
1
Let r be (-2)/((-3)/(-3)) - -2. Suppose r = 2*i + 13 - 93. What is the units digit of i?
0
Let z(d) = -d**2 + 6*d. Let o be z(5). Suppose 25 = 3*t - 4*m - 41, -87 = -o*t - m. What is the units digit of (-2)/(-9) - (-32)/t?
2
Let s(l) = 3*l**2 - 2*l + 4. Let m be s(-4). Suppose 18 = 2*o - 5*z, 5*o - 5*z - m = -0*o. What is the tens digit of o?
1
Let r(i) = 25*i + 2. Let d(a) = 2001*a + 161. Let c(o) = 2*d(o) - 161*r(o). What is the tens digit of c(-1)?
2
Let c(r) = r + 2. Let f be c(-4). What is the tens digit of (-352)/(-36) - f/9?
1
Let c be -2*3/3*-1. Suppose 0 = 2*p + 5*q - 51, 2*p - 19 = c*q + 53. Suppose g = 5*f - 2*g - p, 0 = -5*f + 2*g + 32. What is the units digit of f?
6
Let s = -14 + 20. Suppose 0 = 2*t, -s = -2*h - 2*t - 0. Suppose -2*g - 5*a = 11, -2 = 5*g + h*a + a. What is the units digit of g?
2
Suppose r - 21 = -4*m, 0 = 3*r + 3*m - 32 - 4. What is the units digit of r?
9
Let k(u) = u**3 - 5*u**2 - 6*u + 4. Let a be k(6). What is the units digit of 2/8 + 7/a?
2
Suppose w = 3*w + 22. Let l = w - -31. What is the units digit of l?
0
Suppose g - 13 = 14. What is the units digit of g?
7
Let t(p) = 6*p**2 - p + 3. What is the hundreds digit of t(-5)?
1
Let j = -2 + 5. Suppose -f + j = 2*f. What is the units digit of f?
1
Let n(w) = -4*w**3 + w**2 - 2*w + 1. Let o be n(1). Let c be (1/(-3))/(o/12). What is the tens digit of 3*26/6 - c?
1
What is the tens digit of 4 - (-2 + 5 + -67)?
6
Suppose 2 = x, y + y + x = 2. Suppose y = z + 20. Let d = -13 - z. What is the units digit of d?
7
Let l be (-2)/13 + 74/(-26). Let k be -3 + 1/((-2)/(-4)). What is the units digit of (k/l)/(2/18)?
3
Suppose -2*p - 8 = -6*p - 4*x, 8 = -2*p - 5*x. Let i be (-1)/3 - (-44)/p. Suppose l - 4*b = 31, i = -2*b - 3. What is the units digit of l?
1
Suppose 0 = -j + 6 - 1. Suppose -4*s = 3*p - 4*p + 9, j*s + 2*p + 8 = 0. What is the units digit of ((-1)/s)/((-3)/(-126))?
1
Let l = -39 + 68. What is the tens digit of l?
2
Suppose -146 = -5*r + 64. What is the units digit of r?
2
Let v(z) = 3*z**2 - 3*z + 4. Let m = -3 + 6. Let x be v(m). Let b = -13 + x. What is the units digit of b?
9
Let o(p) = 10*p**3 - 4*p**2 - 3*p + 6. What is the tens digit of o(3)?
3
What is the tens digit of (3 - 5) + 38 - -4?
4
Suppose -55 = -5*i + 4*i. Let x = i + -27. What is the tens digit of x?
2
Suppose 0*b + 55 = 3*b - 4*y, 5*y = -b + 12. Suppose 3*i = 3*h + i - b, -4*h - 5*i - 8 = 0. What is the units digit of h?
3
Let i(y) = -y**3 - 8*y**2 - 10*y - 6. Let a be i(-6). Let f = a + 11. What is the units digit of (-1 - f) + (0 - 2)?
4
Let b(u) = -2*u**3 + u**2 - u + 1. Let l be b(1). Let y be (-1 + 13/l)/(-1). What is the tens digit of 27/2 - 7/y?
1
Suppose -7 = -4*y + 9. Suppose b + 5*l + 15 + 5 = 0, -4*l = -y*b + 16. Suppose -5*s + 6 + 9 = 4*i, b = -i + 2*s + 7. What is the units digit of i?
5
Suppose -5*o + o + 2*w = -416, 97 = o - 4*w. What is the hundreds digit of o?
1
Let q be (-46)/8 - 3/12. Let n = q + 10. Suppose 0 = -n*f - 12 + 52. What is the units digit of f?
0
Suppose 5*j + 3*g - 117 = 36, 5*j = g + 149. What is the units digit of j?
0
Suppose c + 112 = 3*g - c, -3*g + 4*c + 116 = 0. What is the tens digit of g?
3
Suppose 0 = 2*l - 2 - 76. What is the tens digit of 2/8 + l/4?
1
Suppose -2*w - 133 = -3*p, p + 3*w - 44 = 15. What is the units digit of p?
7
Suppose -5 = f - 2*q - 2, -3*q + 6 = 0. Let k = 4 - f. What is the units digit of k?
3
Let p(r) be the first derivative of -9*r**4/4 + r**2/2 + 1. What is the units digit of p(-1)?
8
Let l(b) = -2*b**2 + 4*b - 2. Let g = 7 + -5. Let y be l(g). What is the units digit of y/(-1) + 0 + 1?
3
Suppose 0*l - 6 = -3*l. Let q(w) = 5 + 4*w**2 - 4 - 3*w**2. What is the units digit of q(l)?
5
Let g(h) = h**3 - 10*h**2 + 4*h - 12. What is the tens digit of g(10)?
2
Suppose -5*m + 196 = -19. What is the units digit of m?
3
Suppose -5*m + m - 12 = 5*r, m = 3*r + 14. Let g be (-1)/m*(-3 + 3). Let a = g + 3. What is the units digit of a?
3
What is the units digit of ((-4)/(-4) + 99)*2?
0
Suppose 0 = 2*d - 3*l - 56, -2*d - 2*d + 2*l + 112 = 0. What is the tens digit of d?
2
Let m(o) = -o. Let p be m(-3). Suppose 0 = x + p - 11. What is the units digit of x?
8
Suppose 83 + 133 = 6*m. What is the tens digit of m?
3
Let s be 0 + (0 + 0 - 0). Suppose -4*f = -s*f - 20. Suppose -f*x = -64 + 9. What is the units digit of x?
1
Let w(v) = -2*v - 5 - 2 + 5*v - 5. What is the tens digit of w(8)?
1
Let z be (12/10)/(4/(-40)). Suppose -5*g + 25 + 90 = 0. Let k = g + z. What is the tens digit of k?
1
Let s = -8 + 13. Suppose 0*p = -p + 4*y + 21, -y = s*p - 147. What is the tens digit of p?
2
What is the units digit of 2 + 3 + -6 + 7?
6
Let s(y) = y - 2. Let c be s(7). Suppose c*g = 3*g + 40. Let p = 33 - g. What is the tens digit of p?
1
What is the units digit of 203/(1 - -1*(-5)/10)?
6
Suppose n - 2*n = -4. Suppose -2*z - 78 = -n*z. What is the units digit of z?
9
Let p be 1/3 - 20/6. Let r(t) = -t + 3. Let y be r(p). Suppose 0 = -3*b + 4*b + 5*c - 21, -b - y = -4*c. What is the units digit of b?
6
Suppose -r + 3*r - 8 = 0. Suppose r*x - 103 = -5*w, 4*w + 44 = 2*x - 40. What is the units digit of x?
2
Let q(w) = -w**3 + 6*w**2 - 2*w - 2. Suppose -5*i + 10*i = -2*z + 29, -5*z + 35 = 5*i. Suppose 0 = -h + z. What is the units digit of q(h)?
0
Suppose 0 = 4*p - 43 - 53. Suppose 4*h + 1 = -r + 16, 4*r + p = 5*h. Let g = 18 - h. What is the tens digit of g?
1
Let r(k) = -5*k**3 - 4*k**2 - 4*k - 2. Suppose -3*p - 5 = 1. What is the units digit of r(p)?
0
Suppose 0 = -3*v - 4*i + 105, -5*i + 140 = 4*v - 0*i. What is the units digit of v?
5
Let t(w) be the second derivative of -5*w**3/6 + 3*w**2/2 - 4*w. What is the units digit of t(-3)?
8
Suppose 0*n = 3*n + c - 16, 4*n - 24 = -4*c. Suppose 4*s + 3*v - 2*v - 44 = 0, -4*s + 44 = -n*v. Let z = 0 + s. What is the units digit of z?
1
Let x(h) be the first derivative of -2*h - 1/4*h**4 + 0*h**2 - h**3 - 2. What is the units digit of x(-4)?
4
Let u = 9 - 3. What is the units digit of 3/(-6)*u - -5?
2
Suppose 4*h - 99 - 161 = 0. Suppose 2*d - 5*d = 2*w - 40, 5*d + 5*w = h. What is the tens digit of d?
1
Let s(t) be the second derivative of -t**4/12 - 2*t**3/3 + 2*t**2 + 4*t. What is the units digit of s(-4)?
4
Let b(s) = -3*s**3 - 2*s**2 - 2*s - 1. What is the units digit of b(-1)?
2
Let v(h) = h**2 + 10*h + 7. Let m(z) = -z**2 - 10*z - 8. Let f(q) = 3*m(q) + 2*v(q). Let p be f(-7). Let r(c) = c - 2. What is the units digit of r(p)?
9
Let v = -4 + 6. Let g be -2 + 1 + v - 2. What is the units digit of 0 + ((-3)/g - 0)?
3
Let r(m) = 3*m**2 + 5*m + 3. Let x be r(-4). Suppose 0 = -u + 5*h - 10, -5*u - 2*h = -0*u - x. What is the units digit of u?
5
Let t be (-2)/3 - 168/(-9). Suppose -5*q - 1 = 2*v, -5*q + 3*v + 14 = -0*v. What is the units digit of 1/(q - -1)*t?
9
Suppose u = -1, 4*m - 3*m = 5*u + 20. What is the tens digit of m?
1
Let k(n) = 1. Let q(j) = 5*j - 3. Let o(r) = 6*k(r) - q(r). What is the units digit of o(-4)?
9
Let o be 2/(-8) + 132/16. Suppose 215 - 67 = r - y, -o = -4*y. Suppose -r = -5*d + 5*b - 45, d + 5*b = -3. What is the units digit of d?
7
Let h = 3 + -5. Let b be (4/(-2) - -2)/h. Suppose b = 2*g - 31 - 11. What is the tens digit of g?
2
Let i = -10 + 15. Let u(t) = 6*t - 18. Let c(x) = 2*x - 6. Let m(v) = i*u(v) - 14*c(v). What is the units digit of m(4)?
2
Let a = 45 + -31. What is the tens digit of a?
1
Let j be (6/8)/((-2)/(-40)). Suppose -b + j = 3. What is the units digit of b + (-3 - -1 - 1)?
9
Let c(n) = 8*n**2 + 2*n + n + 0 + n**3 - 2 - 4*n. What is the units digit of c(-8)?
6
Let u(l) = -2*l. Let o be u(-4). Let t = 14 - o. What is the units digit of t?
6
Suppose 0 = 5*p - q + 4*q + 45, 2*p = -2*q - 14. Let c = p - -26. What is the tens digit of c?
1
Let k(c) be the first derivative of 2*c**2 - 5*c + 3. What is the tens digit of k(4)?
1
Let q(x) = -x**3 + 5*x - 18. Let u(i) = -i**3 + 6*i - 17. Let v(o) = -5*q(o) + 4*u(o). What is the tens digit of v(0)?
2
Suppose 0 = k - 6*k + 50. Let r = k + -5. What is the units digit of r?
5
Let z be (1 - (-6)/(-3))*8. Let l(y) = y**2 + 6*y. What is the units digit of l(z)?
6
Let d(f) = -f 